{"id":785,"date":"2017-04-05T21:18:51","date_gmt":"2017-04-05T21:18:51","guid":{"rendered":"http:\/\/f\u00f6rderzentrum-am-meer.de\/?page_id=785"},"modified":"2020-08-31T17:50:43","modified_gmt":"2020-08-31T17:50:43","slug":"lernen-foerdern","status":"publish","type":"page","link":"https:\/\/f\u00f6rderzentrum-am-meer.de\/?page_id=785","title":{"rendered":"&#8222;Lernen f\u00f6rdern&#8220;"},"content":{"rendered":"<h2 style=\"text-align: left;\">Schul- und Elternverein des<br \/>\nSonderp\u00e4dagogischen F\u00f6rderzentrums &#8222;Am Meer&#8220;<br \/>\nGraal-M\u00fcritz<img loading=\"lazy\" decoding=\"async\" class=\"wp-image-801 aligncenter\" src=\"http:\/\/xn--frderzentrum-am-meer-39b.de\/wp-content\/uploads\/2017\/04\/image-62-245x300.jpeg\" width=\"61\" height=\"75\" srcset=\"https:\/\/xn--frderzentrum-am-meer-39b.de\/wp-content\/uploads\/2017\/04\/image-62-245x300.jpeg 245w, https:\/\/xn--frderzentrum-am-meer-39b.de\/wp-content\/uploads\/2017\/04\/image-62-768x941.jpeg 768w, https:\/\/xn--frderzentrum-am-meer-39b.de\/wp-content\/uploads\/2017\/04\/image-62-836x1024.jpeg 836w, https:\/\/xn--frderzentrum-am-meer-39b.de\/wp-content\/uploads\/2017\/04\/image-62.jpeg 1029w\" sizes=\"(max-width: 61px) 100vw, 61px\" \/><\/h2>\n<p style=\"text-align: justify;\">Der Schul- und Elternverein &#8222;Lernen f\u00f6rdern&#8220; ist ein eingetragener Verein.\u00a0Unsere Sch\u00fcler wurden in den letzten Jahren durch den Verein in folgenden Bereichen besonders unterst\u00fctzt:<\/p>\n<ul>\n<li style=\"text-align: justify;\">Fahrten von Klassen in Schullandheime oder Jugendherbergen<\/li>\n<li style=\"text-align: justify;\">\u00dcbernahme von Teilnehmergeb\u00fchren f\u00fcr au\u00dferschulische sportliche Veranstaltungen<\/li>\n<li style=\"text-align: justify;\">Kauf von Pokalen und Preisen f\u00fcr Siegerehrungen<\/li>\n<li style=\"text-align: justify;\">Beitrag zum Kauf von Schul-T-Shirts (einheitliche Ausstattung unserer Sportler)<\/li>\n<li style=\"text-align: justify;\">finanzielle Mittel zur Ausgestaltung von R\u00e4umlichkeiten und Feiern<\/li>\n<li>Beschaffung von Materialien zur Durchf\u00fchrung von Projektwochen und Unterst\u00fctzung von Projekten<\/li>\n<\/ul>\n<p><strong>Vorstandsmitglieder:<\/strong><\/p>\n<p>Frau Pardun (Vorsitzende)<\/p>\n<p>Frau Alex (stellvertretende Vorsitzende)<\/p>\n<p>Frau Nahrendorf (Kassenverwalterin)<\/p>\n<p>Frau F\u00fchrer (Schriftf\u00fchrerin)<\/p>\n<p>Frau Pfeiffer (Beisitzerin)<\/p>\n<p><strong>Wir w\u00fcnschen uns weiterhin:<\/strong><\/p>\n<ul>\n<li>viele Eltern, Lehrer\/innen, Interessierte, die die Notwendigkeit im Bestehen unseres Vereins sehen<\/li>\n<li>Partner, die uns bei unserer Arbeit unterst\u00fctzen<\/li>\n<li>aktive Mitarbeit<\/li>\n<li>Sachspenden unterschiedlicher Art<\/li>\n<li>moralische und finanzielle Unterst\u00fctzung<\/li>\n<\/ul>\n<p>Sie k\u00f6nnen jederzeit unserem Schul- und Elternverein &#8222;Lernen f\u00f6rdern&#8220; beitreten.<br \/>\nDer j\u00e4hrliche Mitgliedsbeitrag betr\u00e4gt 7,20 \u20ac (0,60 \u20ac \/ Monat).<\/p>\n<p>Kontakt: andrea.pardun@gmail.com<\/p>\n<h4><strong><a href=\"http:\/\/xn--frderzentrum-am-meer-39b.de\/wp-content\/uploads\/2017\/04\/Schulverein.pdf\">Beitrittserkl\u00e4rung<\/a><\/strong><\/h4>\n<p><strong>Wir freuen uns auf Sie!<\/strong><\/p>\n<p><em>F\u00fcr Spenden nutzen Sie bitte folgende Kontoverbindung:<\/em><\/p>\n<p>Ortsverein zur F\u00f6rderung Lernbehinderter &#8222;Lernen f\u00f6rdern&#8220; e.V.<\/p>\n<p>IBAN: DE 9113 0500 0002 7500 3124,\u00a0Ostseesparkasse Rostock<\/p>\n<h4><strong>Vielen Dank!<\/strong><\/h4>\n","protected":false},"excerpt":{"rendered":"<p>Schul- und Elternverein des Sonderp\u00e4dagogischen F\u00f6rderzentrums &#8222;Am Meer&#8220; Graal-M\u00fcritz Der Schul- und Elternverein &#8222;Lernen f\u00f6rdern&#8220; ist ein eingetragener Verein.\u00a0Unsere Sch\u00fcler wurden in den letzten Jahren durch den Verein in folgenden Bereichen besonders unterst\u00fctzt: Fahrten von Klassen in Schullandheime oder Jugendherbergen \u00dcbernahme von Teilnehmergeb\u00fchren f\u00fcr au\u00dferschulische sportliche Veranstaltungen Kauf von Pokalen und Preisen f\u00fcr Siegerehrungen Beitrag &hellip; <a href=\"https:\/\/f\u00f6rderzentrum-am-meer.de\/?page_id=785\" class=\"more-link\"><span class=\"screen-reader-text\">&#8222;Lernen f\u00f6rdern&#8220;<\/span> weiterlesen <span class=\"meta-nav\">&rarr;<\/span><\/a><\/p>\n","protected":false},"author":1,"featured_media":0,"parent":0,"menu_order":0,"comment_status":"closed","ping_status":"closed","template":"","meta":{"ngg_post_thumbnail":0,"footnotes":""},"class_list":["post-785","page","type-page","status-publish","hentry"],"_links":{"self":[{"href":"https:\/\/f\u00f6rderzentrum-am-meer.de\/index.php?rest_route=\/wp\/v2\/pages\/785"}],"collection":[{"href":"https:\/\/f\u00f6rderzentrum-am-meer.de\/index.php?rest_route=\/wp\/v2\/pages"}],"about":[{"href":"https:\/\/f\u00f6rderzentrum-am-meer.de\/index.php?rest_route=\/wp\/v2\/types\/page"}],"author":[{"embeddable":true,"href":"https:\/\/f\u00f6rderzentrum-am-meer.de\/index.php?rest_route=\/wp\/v2\/users\/1"}],"replies":[{"embeddable":true,"href":"https:\/\/f\u00f6rderzentrum-am-meer.de\/index.php?rest_route=%2Fwp%2Fv2%2Fcomments&post=785"}],"version-history":[{"count":15,"href":"https:\/\/f\u00f6rderzentrum-am-meer.de\/index.php?rest_route=\/wp\/v2\/pages\/785\/revisions"}],"predecessor-version":[{"id":1952,"href":"https:\/\/f\u00f6rderzentrum-am-meer.de\/index.php?rest_route=\/wp\/v2\/pages\/785\/revisions\/1952"}],"wp:attachment":[{"href":"https:\/\/f\u00f6rderzentrum-am-meer.de\/index.php?rest_route=%2Fwp%2Fv2%2Fmedia&parent=785"}],"curies":[{"name":"wp","href":"https:\/\/api.w.org\/{rel}","templated":true}]}}